the remainder when 570812245 is divided by 166.
163
Calculate the remainder when 5738875 is divided by 316.
315
Calculate the remainder when 2673461 is divided by 379.
374
Calculate the remainder when 34049 is divided by 2483.
1770
Calculate the remainder when 9891875 is divided by 9891751.
124
Calculate the remainder when 94543 is divided by 9440.
143
What is the remainder when 151102 is divided by 31?
8
Calculate the remainder when 94571 is divided by 695.
51
Calculate the remainder when 19989201 is divided by 3744.
3729
What is the remainder when 86171 is divided by 74?
35
What is the remainder when 5812385 is divided by 645815?
50
Calculate the remainder when 698745 is divided by 1226.
1151
What is the remainder when 593185 is divided by 106?
9
Calculate the remainder when 387162 is divided by 892.
34
What is the remainder when 192573 is divided by 4584?
45
Calculate the remainder when 113098176 is divided by 49.
2
What is the remainder when 393419 is divided by 2127?
2051
What is the remainder when 69239 is divided by 25?
14
What is the remainder when 225701 is divided by 1030?
131
What is the remainder when 95011 is divided by 94758?
253
Calculate the remainder when 39862 is divided by 19753.
356
Calculate the remainder when 698370 is divided by 77571.
231
What is the remainder when 11817398 is divided by 5830?
5818
Calculate the remainder when 85427242 is divided by 84.
82
What is the remainder when 2087869 is divided by 1139?
82
What is the remainder when 8504325 is divided by 47?
4
What is the remainder when 3708734 is divided by 20?
14
What is the remainder when 255607 is divided by 84485?
2152
What is the remainder when 125566249 is divided by 1555?
1554
What is the remainder when 397591 is divided by 14699?
718
What is the remainder when 287396 is divided by 95118?
2042
Calculate the remainder when 11687667 is divided by 256.
243
What is the remainder when 41572 is divided by 375?
322
What is the remainder when 2809213 is divided by 250?
213
What is the remainder when 5112524 is divided by 1181?
1156
Calculate the remainder when 89493 is divided by 5249.
260
What is the remainder when 10174295 is divided by 2557?
2549
Calculate the remainder when 1245828 is divided by 20.
8
What is the remainder when 23041348 is divided by 506?
132
Calculate the remainder when 1237871 is divided by 70.
61
What is the remainder when 721426 is divided by 9?
4
What is the remainder when 1571802 is divided by 785876?
50
What is the remainder when 129027 is divided by 64498?
31
What is the remainder when 220171 is divided by 54873?
679
What is the remainder when 437785 is divided by 1765?
65
Calculate the remainder when 5328175 is divided by 349.
341
What is the remainder when 9413729 is divided by 2503?
2449
What is the remainder when 10544528 is divided by 958586?
82
What is the remainder when 326921 is divided by 27243?
5
Calculate the remainder when 217898 is divided by 352.
10
What is the remainder when 648466 is divided by 22?
16
What is the remainder when 15284 is divided by 3583?
952
What is the remainder when 178313 is divided by 178277?
36
Calculate the remainder when 292029 is divided by 4969.
3827
What is the remainder when 128084 is divided by 42160?
1604
What is the remainder when 554990 is divided by 755?
65
Calculate the remainder when 11279622 is divided by 510.
462
What is the remainder when 425318 is divided by 1232?
278
Calculate the remainder when 196262253 is divided by 2216.
2213
What is the remainder when 604116 is divided by 201024?
1044
What is the remainder when 253147 is divided by 50591?
192
What is the remainder when 40230 is divided by 3632?
278
Calculate the remainder when 123774302 is divided by 11622.
2
Calculate the remainder when 157755 is divided by 157188.
567
Calculate the remainder when 13775550 is divided by 105.
75
What is the remainder when 451987 is divided by 12215?
32
Calculate the remainder when 6023429 is divided by 261882.
143
Calculate the remainder when 126692266 is divided by 506.
492
Calculate the remainder when 12803292 is divided by 79.
78
Calculate the remainder when 4558407 is divided by 67.
62
What is the remainder when 16789229 is divided by 9411?
5
Calculate the remainder when 558293 is divided by 50.
43
What is the remainder when 62386934 is divided by 2179?
2164
Calculate the remainder when 17972 is divided by 982.
296
What is the remainder when 3183601 is divided by 619?
84
What is the remainder when 185601 is divided by 1600?
1
What is the remainder when 37754630 is divided by 1348379?
18
Calculate the remainder when 23605873 is divided by 177.
91
Calculate the remainder when 1174817 is divided by 880.
17
Calculate the remainder when 296424 is divided by 600.
24
Calculate the remainder when 33770 is divided by 33599.
171
Calculate the remainder when 142573 is divided by 47361.
490
What is the remainder when 1855184 is divided by 1855174?
10
What is the remainder when 556616 is divided by 7421?
41
What is the remainder when 2267 is divided by 850?
567
What is the remainder when 23517 is divided by 674?
601
Calculate the remainder when 1187301 is divided by 21201.
45
What is the remainder when 339664 is divided by 746?
234
What is the remainder when 81887 is divided by 16242?
677
What is the remainder when 26809 is divided by 592?
169
What is the remainder when 2031953 is divided by 1585?
1568
Calculate the remainder when 11726496 is divided by 286012.
4
What is the remainder when 489546 is divided by 54393?
9
Calculate the remainder when 793522 is divided by 793522.
0
What is the remainder when 429819 is divided by 695?
309
What is the remainder when 991910 is divided by 18530?
9820
What is the remainder when 77662730 is divided by 92?
10
Calculate the remainder when 53397 is divided by 1089.
36
What is the remainder when 382355 is divided by 114?
113
Calculate the remainder when 993 is divided by 543.
450
What is the remainder when 81435 is divided by 6262?
29
Calculate the remainder when 47922890 is divided by 50.
40
Calculate the remainder when 45765649 is divided by 887.
884
Calculate the remainder when 34662742 is divided by 72.
70
What is the remainder when 4053422 is divided by 148?
146
Calculate the remainder when 210623 is divided by 13779.
3938
Calculate the remainder when 6346442 is divided by 426.
320
What is the remainder when 4014640 is divided by 1338131?
247
Calculate the remainder when 17965 is divided by 14999.
2966
Calculate the remainder when 484965 is divided by 96709.
1420
Calculate the remainder when 238392 is divided by 351.
63
Calculate the remainder when 10580822 is divided by 64913.
3
What is the remainder when 38375 is divided by 579?
161
Calculate the remainder when 6366247 is divided by 275.
272
Calculate the remainder when 3546918 is divided by 49261.
126
What is the remainder when 1055608 is divided by 1167?
640
What is the remainder when 11724935 is divided by 21?
5
What is the remainder when 292129 is divided by 1596?
61
Calculate the remainder when 130029039 is divided by 1933.
1928
What is the remainder when 68558 is divided by 1900?
158
What is the remainder when 58547 is divided by 5751?
1037
What is the remainder when 211889 is divided by 977?
857
What is the remainder when 1238170 is divided by 2941?
9
What is the remainder when 1966 is divided by 11?
8
Calculate the remainder when 1365216065 is divided by 453.
452
What is the remainder when 129796 is divided by 16162?
500
Calculate the remainder when 236269 is divided by 1030.
399
Calculate the remainder when 219109 is divided by 5921.
32
Calculate the remainder when 416624 is divided by 138827.
143
Calculate the remainder when 135924 is divided by 65747.
4430
What is the remainder when 6576728 is divided by 173?
133
What is the remainder when 6971589 is divided by 6862?
6659
Calculate the remainder when 417563160 is divided by 88.
80
What is the remainder when 874153 is divided by 102?
13
What is the remainder when 1027990364 is divided by 15?
14
What is the remainder when 655216 is divided by 682?
496
What is the remainder when 258196046 is divided by 12?
2
What is the remainder when 1382788 is divided by 1191?
37
What is the remainder when 14800972 is divided by 111?
10
What is the remainder w